n 1364 is divided by 57?
53
Calculate the remainder when 282 is divided by 133.
16
Calculate the remainder when 17387 is divided by 69.
68
Calculate the remainder when 208 is divided by 10.
8
What is the remainder when 474 is divided by 119?
117
What is the remainder when 807 is divided by 27?
24
What is the remainder when 1132 is divided by 163?
154
Calculate the remainder when 862 is divided by 48.
46
Calculate the remainder when 19 is divided by 11.
8
Calculate the remainder when 5273 is divided by 18.
17
Calculate the remainder when 550 is divided by 182.
4
Calculate the remainder when 403 is divided by 116.
55
What is the remainder when 396 is divided by 253?
143
Calculate the remainder when 386 is divided by 99.
89
What is the remainder when 4823 is divided by 6?
5
Calculate the remainder when 2587 is divided by 104.
91
What is the remainder when 409 is divided by 38?
29
What is the remainder when 729 is divided by 61?
58
What is the remainder when 389 is divided by 78?
77
Calculate the remainder when 811 is divided by 28.
27
What is the remainder when 124 is divided by 32?
28
Calculate the remainder when 1785 is divided by 127.
7
What is the remainder when 1032 is divided by 52?
44
What is the remainder when 35204 is divided by 29?
27
Calculate the remainder when 98 is divided by 5.
3
What is the remainder when 1422 is divided by 33?
3
Calculate the remainder when 867 is divided by 174.
171
What is the remainder when 113 is divided by 38?
37
What is the remainder when 153 is divided by 23?
15
What is the remainder when 340 is divided by 18?
16
Calculate the remainder when 150 is divided by 9.
6
What is the remainder when 564 is divided by 113?
112
What is the remainder when 286 is divided by 150?
136
Calculate the remainder when 3262 is divided by 99.
94
Calculate the remainder when 713 is divided by 38.
29
Calculate the remainder when 428 is divided by 87.
80
What is the remainder when 1104 is divided by 1?
0
Calculate the remainder when 100 is divided by 29.
13
What is the remainder when 1387 is divided by 681?
25
What is the remainder when 1109 is divided by 21?
17
Calculate the remainder when 105 is divided by 50.
5
What is the remainder when 110 is divided by 16?
14
Calculate the remainder when 602 is divided by 121.
118
What is the remainder when 781 is divided by 115?
91
Calculate the remainder when 941 is divided by 28.
17
Calculate the remainder when 356 is divided by 54.
32
What is the remainder when 7047 is divided by 10?
7
Calculate the remainder when 470 is divided by 465.
5
Calculate the remainder when 103 is divided by 36.
31
What is the remainder when 158 is divided by 38?
6
Calculate the remainder when 176 is divided by 42.
8
Calculate the remainder when 29558 is divided by 17.
12
Calculate the remainder when 304 is divided by 14.
10
What is the remainder when 2553 is divided by 35?
33
What is the remainder when 3384 is divided by 44?
40
What is the remainder when 331 is divided by 86?
73
Calculate the remainder when 210 is divided by 43.
38
Calculate the remainder when 970 is divided by 75.
70
Calculate the remainder when 71 is divided by 34.
3
What is the remainder when 1375 is divided by 53?
50
What is the remainder when 431 is divided by 201?
29
Calculate the remainder when 104 is divided by 67.
37
Calculate the remainder when 475 is divided by 13.
7
Calculate the remainder when 570 is divided by 9.
3
What is the remainder when 207 is divided by 30?
27
What is the remainder when 232 is divided by 14?
8
Calculate the remainder when 241 is divided by 72.
25
Calculate the remainder when 1365 is divided by 274.
269
What is the remainder when 186 is divided by 21?
18
What is the remainder when 18 is divided by 4?
2
Calculate the remainder when 107 is divided by 18.
17
What is the remainder when 406 is divided by 167?
72
Calculate the remainder when 333 is divided by 319.
14
What is the remainder when 994 is divided by 339?
316
What is the remainder when 817 is divided by 796?
21
What is the remainder when 1331 is divided by 43?
41
Calculate the remainder when 6022 is divided by 19.
18
Calculate the remainder when 2137 is divided by 81.
31
What is the remainder when 1361 is divided by 39?
35
What is the remainder when 112 is divided by 2?
0
What is the remainder when 791 is divided by 88?
87
Calculate the remainder when 2919 is divided by 1451.
17
Calculate the remainder when 2038 is divided by 32.
22
What is the remainder when 1477 is divided by 725?
27
What is the remainder when 575 is divided by 3?
2
Calculate the remainder when 5865 is divided by 345.
0
What is the remainder when 98 is divided by 70?
28
Calculate the remainder when 278 is divided by 7.
5
What is the remainder when 103 is divided by 11?
4
What is the remainder when 832 is divided by 814?
18
Calculate the remainder when 5351 is divided by 54.
5
Calculate the remainder when 713 is divided by 355.
3
What is the remainder when 669 is divided by 16?
13
What is the remainder when 860 is divided by 75?
35
What is the remainder when 23 is divided by 6?
5
What is the remainder when 291 is divided by 267?
24
What is the remainder when 339 is divided by 86?
81
What is the remainder when 1101 is divided by 335?
96
Calculate the remainder when 271 is divided by 61.
27
What is the remainder when 231 is divided by 36?
15
What is the remainder when 3913 is divided by 89?
86
What is the remainder when 840 is divided by 23?
12
What is the remainder when 779 is divided by 15?
14
Calculate the remainder when 96 is divided by 20.
16
Calculate the remainder when 6484 is divided by 13.
10
Calculate the remainder when 31085 is divided by 58.
55
Calculate the remainder when 165 is divided by 12.
9
What is the remainder when 261 is divided by 71?
48
Calculate the remainder when 3173 is divided by 69.
68
What is the remainder when 2405 is divided by 241?
236
Calculate the remainder when 743 is divided by 244.
11
What is the remainder when 462 is divided by 56?
14
Calculate the remainder when 359 is divided by 116.
11
What is the remainder when 1286 is divided by 11?
10
What is the remainder when 125 is divided by 58?
9
What is the remainder when 227 is divided by 55?
7
Calculate the remainder when 78892 is divided by 18.
16
Calculate the remainder when 50 is divided by 50.
0
What is the remainder when 552 is divided by 527?
25
What is the remainder when 527 is divided by 11?
10
What is the remainder when 75 is divided by 33?
9
Calculate the remainder when 423 is divided by 403.
20
What is the remainder when 475 is divided by 128?
91
Calculate the remainder when 9502 is divided by 13.
12
What is the remainder when 1116 is divided by 553?
10
Calculate the remainder when 2507 is divided by 47.
16
What is the remainder when 327 is divided by 92?
51
What is the remainder when 1148 is divided by 71?
12
What is the remainder when 278 is divided by 137?
4
What is the remainder when 17 is divided by 16?
1
Calculate the remainder when 2328 is divided by 53.
49
What is the remainder when 342 is divided by 89?
75
What is the remainder when 245 is divided by 125?
120
Calculate the remainder when 88 is divided by 28.
4
What is the remainder when 1098 is divided by 284?
246
Calculate the remainder when 224 is divided by 158.
66
Calculate the remainder when 815 is divided by 272.
271
What is the remainder when 78 is divided by 5?
3
What is the remainder when 362 is divided by 13?
11
What is the remainder when 2847 is divided by 178?
177
What is the remainder when 276 is divided by 56?
52
What is the remainder when 1814 is divided by 260?
254
What is the remainder when 238 is divided by 9?
4
Calculate the remainder when 340 is divided by 194.
146
What is the remainder when 11831 is divided by 232?
231
What is the remainder when 280 is divided by 47?
45
What is the remainder when 529 is divided by 69?
46
Calculate the remainder when 146 is divided by 29.
1
Calculate the remainder when 831 is divided by 49.
47
Calculate the remainder when 317 is divided by 183.
134
Calculate the remainder when 22506 is divided by 183.
180
What is the remainder when 74 is divided by 19?
17
What is the remainder when 664 is divided by 35?
34
What is the remainder when 166 is divided by 25?
16
Calculate the rema